{"id":7,"date":"2022-11-17T17:02:16","date_gmt":"2022-11-17T16:02:16","guid":{"rendered":"https:\/\/www.mimerskolan.se\/?page_id=7"},"modified":"2023-01-11T09:28:54","modified_gmt":"2023-01-11T08:28:54","slug":"om-mimerskolan","status":"publish","type":"page","link":"https:\/\/www.mimerskolan.se\/?page_id=7","title":{"rendered":"Om Mimerskolan"},"content":{"rendered":"\n<p>Mimerskolan i Sundsvall \u00e4r en grundskola som ligger p\u00e5 Norra stadsberget. H\u00e4r g\u00e5r elever i \u00e5rskurs 4-9. Skolan \u00e4r en friskola som drivs av den ideella f\u00f6r\u00e4ldraf\u00f6reningen Mimers brunn. Skolan grundades h\u00f6sten 2001 under ledning av d\u00e5varande rektor Lena Wallgren. H\u00e4r g\u00e5r 360 elever f\u00f6rdelade p\u00e5 60 elever\/\u00e5rskurs. Skolan har tv\u00e5 profiler som b\u00e5da gynnar l\u00e4rande; idrott och h\u00e4lsa med friluftsinriktning och musik. Skolan \u00e4r k\u00e4nd f\u00f6r sina goda studieresultat, det unika arbetss\u00e4ttet och f\u00f6r arbetet med varje individs m\u00f6jlighet att v\u00e4xa genom utmaningar och st\u00f6d.<\/p>\n\n\n\n<figure class=\"wp-block-image size-large\"><img loading=\"lazy\" decoding=\"async\" width=\"1024\" height=\"765\" src=\"https:\/\/www.mimerskolan.se\/wp-content\/uploads\/2022\/11\/Mimerskolan2-1024x765.jpg\" alt=\"\" class=\"wp-image-57\" srcset=\"https:\/\/www.mimerskolan.se\/wp-content\/uploads\/2022\/11\/Mimerskolan2-1024x765.jpg 1024w, https:\/\/www.mimerskolan.se\/wp-content\/uploads\/2022\/11\/Mimerskolan2-300x224.jpg 300w, https:\/\/www.mimerskolan.se\/wp-content\/uploads\/2022\/11\/Mimerskolan2-768x573.jpg 768w, https:\/\/www.mimerskolan.se\/wp-content\/uploads\/2022\/11\/Mimerskolan2-1536x1147.jpg 1536w, https:\/\/www.mimerskolan.se\/wp-content\/uploads\/2022\/11\/Mimerskolan2.jpg 2048w\" sizes=\"auto, (max-width: 1024px) 100vw, 1024px\" \/><\/figure>\n\n\n\n<p>V\u00e5r unika id\u00e9 har varit med fr\u00e5n starten och den p\u00e5verkar varje skoldag. Id\u00e9n bygger p\u00e5 id\u00e9n om varje elevs r\u00e4tt att utvecklas och utmanas utifr\u00e5n sina f\u00f6ruts\u00e4ttningar, v\u00e5rt arbetss\u00e4tt och v\u00e5ra profiler. V\u00e5rt arbetss\u00e4tt grundar sig p\u00e5 ett tema och \u00e4mnesintegration. Det betyder att alla elever under l\u00e4s\u00e5ret arbetar i olika teman som innefattar flera \u00e4mnen. Syftet \u00e4r att st\u00e4rka f\u00f6rst\u00e5else och inl\u00e4rning f\u00f6r att f\u00f6rdjupa elevernas kunskaper.&nbsp;V\u00e5ra l\u00e4rare och personal \u00e4r skickliga, engagerade och kreativa.<\/p>\n\n\n\n<p>V\u00e5ra profil\u00e4mnen g\u00e5r som en tydlig r\u00f6d tr\u00e5d fr\u00e5n \u00e5rskurs fyra till nio. V\u00e5r idrottsprofil inriktas p\u00e5 den livsl\u00e5nga h\u00e4lsan och innefattar allt ifr\u00e5n r\u00f6relse i vardagen f\u00f6r att f\u00f6rb\u00e4ttra dagens studieresultat till en l\u00e5ngsiktig utbildning i friluftsliv som b\u00f6rjar i \u00e5rskurs 4 med orientering och naturl\u00e4ra, forts\u00e4tter med utomhusmatlagning, kanot, isvak och avslutas med en utmanande fj\u00e4llresa i \u00e5rskurs 9 d\u00e4r eleverna i grupper vandrar i Oviksfj\u00e4llens fantastiska milj\u00f6, d\u00e4r \u00e4mnena Idrott och h\u00e4lsa, NO, Hemkunskap, Engelska integreras.<\/p>\n\n\n\n<figure class=\"wp-block-image size-large\"><img loading=\"lazy\" decoding=\"async\" width=\"1024\" height=\"683\" src=\"https:\/\/www.mimerskolan.se\/wp-content\/uploads\/2022\/11\/fjallen23-1024x683.jpg\" alt=\"\" class=\"wp-image-158\" srcset=\"https:\/\/www.mimerskolan.se\/wp-content\/uploads\/2022\/11\/fjallen23-1024x683.jpg 1024w, https:\/\/www.mimerskolan.se\/wp-content\/uploads\/2022\/11\/fjallen23-300x200.jpg 300w, https:\/\/www.mimerskolan.se\/wp-content\/uploads\/2022\/11\/fjallen23-768x512.jpg 768w, https:\/\/www.mimerskolan.se\/wp-content\/uploads\/2022\/11\/fjallen23.jpg 1273w\" sizes=\"auto, (max-width: 1024px) 100vw, 1024px\" \/><\/figure>\n\n\n\n<p>V\u00e5r musikprofil inriktas p\u00e5 k\u00f6r och ensemblespel. Under s\u00e4rskilda profilveckor f\u00e5r eleverna m\u00f6jlighet att utveckla sin musikalitet och utvecklas b\u00e5de individuellt, i liten grupp och i stor grupp. K\u00f6ren upptr\u00e4der flera g\u00e5nger per \u00e5r i Tonhallen d\u00e4r v\u00e5r jul- och sommarshow \u00e4r v\u00e4lk\u00e4nd i Sundsvall med en bred repertoar av framtr\u00e4danden i musik, dans med olika solister. En av profilveckorna heter &#8220;Bilda band&#8221;, i b\u00f6rjan av veckan f\u00e5r eleverna en roll i ett band, det kan vara som keybordist, gitarrist, s\u00e5ngare eller trummis. Eleverna f\u00e5r \u00f6va p\u00e5 sitt instrument och n\u00e5gra l\u00e5tar som sedan \u00f6vas in tillsammans. Veckan avslutas med en konsert med publik fr\u00e5n olika klasser fr\u00e5n skolan. Det h\u00e4r \u00e4r ett tydligt exempel p\u00e5 hur kunskapsutveckling g\u00f6rs synlig f\u00f6r eleverna p\u00e5 Mimerskolan.<\/p>\n\n\n\n<figure class=\"wp-block-image size-large\"><img loading=\"lazy\" decoding=\"async\" width=\"1024\" height=\"684\" src=\"https:\/\/www.mimerskolan.se\/wp-content\/uploads\/2022\/11\/DSC0666-1024x684.jpg\" alt=\"\" class=\"wp-image-115\" srcset=\"https:\/\/www.mimerskolan.se\/wp-content\/uploads\/2022\/11\/DSC0666-1024x684.jpg 1024w, https:\/\/www.mimerskolan.se\/wp-content\/uploads\/2022\/11\/DSC0666-300x200.jpg 300w, https:\/\/www.mimerskolan.se\/wp-content\/uploads\/2022\/11\/DSC0666-768x513.jpg 768w, https:\/\/www.mimerskolan.se\/wp-content\/uploads\/2022\/11\/DSC0666-1200x801.jpg 1200w, https:\/\/www.mimerskolan.se\/wp-content\/uploads\/2022\/11\/DSC0666.jpg 1417w\" sizes=\"auto, (max-width: 1024px) 100vw, 1024px\" \/><\/figure>\n\n\n\n<p>Skolrestaurangen Sn\u00f6sk\u00e4ret lagar mat fr\u00e5n grunden med till stor del lokala och&nbsp;ekologiska r\u00e5varor. Varje dag serveras en stor salladsbuff\u00e9. Sylten kokar vi sj\u00e4lva och m\u00e5let \u00e4r att servera en god, n\u00e4ringsriktig lunch som v\u00e4rnar om b\u00e5de h\u00e4lsa och milj\u00f6.<\/p>\n\n\n\n<figure class=\"wp-block-image size-large\"><img loading=\"lazy\" decoding=\"async\" width=\"1024\" height=\"684\" src=\"https:\/\/www.mimerskolan.se\/wp-content\/uploads\/2022\/11\/DSC0411-1024x684.jpg\" alt=\"\" class=\"wp-image-112\" srcset=\"https:\/\/www.mimerskolan.se\/wp-content\/uploads\/2022\/11\/DSC0411-1024x684.jpg 1024w, https:\/\/www.mimerskolan.se\/wp-content\/uploads\/2022\/11\/DSC0411-300x200.jpg 300w, https:\/\/www.mimerskolan.se\/wp-content\/uploads\/2022\/11\/DSC0411-768x513.jpg 768w, https:\/\/www.mimerskolan.se\/wp-content\/uploads\/2022\/11\/DSC0411-1200x801.jpg 1200w, https:\/\/www.mimerskolan.se\/wp-content\/uploads\/2022\/11\/DSC0411.jpg 1417w\" sizes=\"auto, (max-width: 1024px) 100vw, 1024px\" \/><\/figure>\n","protected":false},"excerpt":{"rendered":"<p>Mimerskolan i Sundsvall \u00e4r en grundskola som ligger p\u00e5 Norra stadsberget. H\u00e4r g\u00e5r elever i \u00e5rskurs 4-9. Skolan \u00e4r en friskola som drivs av den ideella f\u00f6r\u00e4ldraf\u00f6reningen Mimers brunn. Skolan grundades h\u00f6sten 2001 under ledning av d\u00e5varande rektor Lena Wallgren. H\u00e4r g\u00e5r 360 elever f\u00f6rdelade p\u00e5 60 elever\/\u00e5rskurs. Skolan har tv\u00e5 profiler som b\u00e5da gynnar [&hellip;]<\/p>\n","protected":false},"author":1,"featured_media":0,"parent":0,"menu_order":0,"comment_status":"closed","ping_status":"closed","template":"","meta":{"footnotes":""},"class_list":["post-7","page","type-page","status-publish","hentry"],"_links":{"self":[{"href":"https:\/\/www.mimerskolan.se\/index.php?rest_route=\/wp\/v2\/pages\/7","targetHints":{"allow":["GET"]}}],"collection":[{"href":"https:\/\/www.mimerskolan.se\/index.php?rest_route=\/wp\/v2\/pages"}],"about":[{"href":"https:\/\/www.mimerskolan.se\/index.php?rest_route=\/wp\/v2\/types\/page"}],"author":[{"embeddable":true,"href":"https:\/\/www.mimerskolan.se\/index.php?rest_route=\/wp\/v2\/users\/1"}],"replies":[{"embeddable":true,"href":"https:\/\/www.mimerskolan.se\/index.php?rest_route=%2Fwp%2Fv2%2Fcomments&post=7"}],"version-history":[{"count":6,"href":"https:\/\/www.mimerskolan.se\/index.php?rest_route=\/wp\/v2\/pages\/7\/revisions"}],"predecessor-version":[{"id":274,"href":"https:\/\/www.mimerskolan.se\/index.php?rest_route=\/wp\/v2\/pages\/7\/revisions\/274"}],"wp:attachment":[{"href":"https:\/\/www.mimerskolan.se\/index.php?rest_route=%2Fwp%2Fv2%2Fmedia&parent=7"}],"curies":[{"name":"wp","href":"https:\/\/api.w.org\/{rel}","templated":true}]}}