{"id":20,"date":"2022-11-17T17:12:10","date_gmt":"2022-11-17T16:12:10","guid":{"rendered":"https:\/\/www.mimerskolan.se\/?page_id=20"},"modified":"2025-09-16T12:15:54","modified_gmt":"2025-09-16T10:15:54","slug":"ansok-om-plats-pa-mimerskolan","status":"publish","type":"page","link":"https:\/\/www.mimerskolan.se\/?page_id=20","title":{"rendered":"Ans\u00f6k om plats p\u00e5 Mimerskolan"},"content":{"rendered":"\n<p>Mimerskolan till\u00e4mpar ett rakt k\u00f6system med syskonf\u00f6rtur.<\/p>\n\n\n\n<p>Det \u00e4r v\u00e5rdnadshavare som st\u00e4ller sitt barn i k\u00f6 och det g\u00f6r du via knappen nedan. Ans\u00f6kan registreras i v\u00e5rt system vid ankomstdatum och ni har sedan plats i k\u00f6n till v\u00e5r skola. &nbsp;Spara&nbsp;g\u00e4rna en kopia p\u00e5 er ans\u00f6kan. Vid funderingar kring detta g\u00e5r det bra att kontakta skolan via mejl eller telefon.<\/p>\n\n\n\n<p>T\u00e4nk p\u00e5 att vi har l\u00e5nga k\u00f6er \u2013 tveka inte att skicka in din ans\u00f6kan i god tid!<\/p>\n\n\n\n<p><\/p>\n\n\n\n<div class=\"wp-block-buttons is-content-justification-center is-layout-flex wp-container-core-buttons-is-layout-16018d1d wp-block-buttons-is-layout-flex\">\n<div class=\"wp-block-button has-custom-width wp-block-button__width-25 is-style-fill\"><a class=\"wp-block-button__link has-base-color has-contrast-background-color has-text-color has-background has-small-font-size has-custom-font-size wp-element-button\" href=\"https:\/\/sms.schoolsoft.se\/mimerskolan\/jsp\/public\/right_public_studentqueue.jsp?school=mimerskolan\" style=\"border-radius:5px;padding-top:10px;padding-right:10px;padding-bottom:10px;padding-left:10px\" target=\"_blank\" rel=\"noreferrer noopener\">Ans\u00f6k h\u00e4r<\/a><\/div>\n<\/div>\n\n\n\n<p><strong>Hur l\u00e5ng \u00e4r k\u00f6n just nu?<\/strong><\/p>\n\n\n\n<p>Skolan har plats f\u00f6r 360 elever. Just nu st\u00e5r drygt 1600 barn i k\u00f6. Vi g\u00f6r elevintag i \u00e5rskurs 4 (61 elever).<\/p>\n\n\n\n<p>Om elev i h\u00f6gre \u00e5rskurs slutar erbjuds plats utifr\u00e5n k\u00f6nummer.<\/p>\n\n\n\n<p>K\u00f6ns l\u00e4ngd varierar beroende p\u00e5 vilket \u00e5r barnet \u00e4r f\u00f6tt och hur m\u00e5nga som st\u00e4llt sig i k\u00f6 f\u00f6r just det \u00e5ret. Det varierar ocks\u00e5 \u00e5r fr\u00e5n \u00e5r hur m\u00e5nga som tackar ja till erbjuden plats. <\/p>\n\n\n\n<figure class=\"wp-block-image size-large\"><img loading=\"lazy\" decoding=\"async\" width=\"1024\" height=\"683\" src=\"https:\/\/www.mimerskolan.se\/wp-content\/uploads\/2022\/11\/MG_9040-1024x683.jpg\" alt=\"\" class=\"wp-image-145\" srcset=\"https:\/\/www.mimerskolan.se\/wp-content\/uploads\/2022\/11\/MG_9040-1024x683.jpg 1024w, https:\/\/www.mimerskolan.se\/wp-content\/uploads\/2022\/11\/MG_9040-300x200.jpg 300w, https:\/\/www.mimerskolan.se\/wp-content\/uploads\/2022\/11\/MG_9040-768x512.jpg 768w, https:\/\/www.mimerskolan.se\/wp-content\/uploads\/2022\/11\/MG_9040-1200x800.jpg 1200w, https:\/\/www.mimerskolan.se\/wp-content\/uploads\/2022\/11\/MG_9040.jpg 1417w\" sizes=\"auto, (max-width: 1024px) 100vw, 1024px\" \/><\/figure>\n\n\n\n<p><strong>N\u00e4r blir man erbjuden plats?<\/strong><\/p>\n\n\n\n<p><\/p>\n\n\n\n<p>Vi till\u00e4mpar rak k\u00f6 med syskonf\u00f6rtur. Det g\u00e5r alltid att kontakta skolans administrat\u00f6r via e-post (\u00a0<a href=\"mailto:info@mimerskolan.se\" target=\"_blank\" rel=\"noreferrer noopener\">info@mimerskolan.se<\/a>) f\u00f6r att f\u00e5 reda p\u00e5 sin k\u00f6plats. Under h\u00f6sten kommer platser inf\u00f6r h\u00f6stterminen 2 \u00e5r fram\u00e5t att erbjudas de 61 f\u00f6rsta p\u00e5\u00a0k\u00f6listan.<\/p>\n\n\n\n<p>Elever som st\u00e5r i k\u00f6 f\u00f6r h\u00f6gre \u00e5rskurser erbjuds plats utifr\u00e5n k\u00f6plats om n\u00e5gon elev slutar.<\/p>\n","protected":false},"excerpt":{"rendered":"<p>Mimerskolan till\u00e4mpar ett rakt k\u00f6system med syskonf\u00f6rtur. Det \u00e4r v\u00e5rdnadshavare som st\u00e4ller sitt barn i k\u00f6 och det g\u00f6r du via knappen nedan. Ans\u00f6kan registreras i v\u00e5rt system vid ankomstdatum och ni har sedan plats i k\u00f6n till v\u00e5r skola. &nbsp;Spara&nbsp;g\u00e4rna en kopia p\u00e5 er ans\u00f6kan. Vid funderingar kring detta g\u00e5r det bra att kontakta [&hellip;]<\/p>\n","protected":false},"author":1,"featured_media":0,"parent":0,"menu_order":0,"comment_status":"closed","ping_status":"closed","template":"","meta":{"footnotes":""},"class_list":["post-20","page","type-page","status-publish","hentry"],"_links":{"self":[{"href":"https:\/\/www.mimerskolan.se\/index.php?rest_route=\/wp\/v2\/pages\/20","targetHints":{"allow":["GET"]}}],"collection":[{"href":"https:\/\/www.mimerskolan.se\/index.php?rest_route=\/wp\/v2\/pages"}],"about":[{"href":"https:\/\/www.mimerskolan.se\/index.php?rest_route=\/wp\/v2\/types\/page"}],"author":[{"embeddable":true,"href":"https:\/\/www.mimerskolan.se\/index.php?rest_route=\/wp\/v2\/users\/1"}],"replies":[{"embeddable":true,"href":"https:\/\/www.mimerskolan.se\/index.php?rest_route=%2Fwp%2Fv2%2Fcomments&post=20"}],"version-history":[{"count":10,"href":"https:\/\/www.mimerskolan.se\/index.php?rest_route=\/wp\/v2\/pages\/20\/revisions"}],"predecessor-version":[{"id":364,"href":"https:\/\/www.mimerskolan.se\/index.php?rest_route=\/wp\/v2\/pages\/20\/revisions\/364"}],"wp:attachment":[{"href":"https:\/\/www.mimerskolan.se\/index.php?rest_route=%2Fwp%2Fv2%2Fmedia&parent=20"}],"curies":[{"name":"wp","href":"https:\/\/api.w.org\/{rel}","templated":true}]}}

Ansök om plats på Mimerskolan

<p>Mimerskolan tillämpar ett rakt kösystem med syskonförtur.</p>



<p>Det är vårdnadshavare som ställer sitt barn i kö och det gör du via knappen nedan. Ansökan registreras i vårt system vid ankomstdatum och ni har sedan plats i kön till vår skola. &nbsp;Spara&nbsp;gärna en kopia på er ansökan. Vid funderingar kring detta går det bra att kontakta skolan via mejl eller telefon.</p>



<p>Tänk på att vi har långa köer – tveka inte att skicka in din ansökan i god tid!</p>



<p></p>



<div class="wp-block-buttons is-content-justification-center is-layout-flex wp-container-core-buttons-is-layout-16018d1d wp-block-buttons-is-layout-flex">
<div class="wp-block-button has-custom-width wp-block-button__width-25 is-style-fill"><a class="wp-block-button__link has-base-color has-contrast-background-color has-text-color has-background has-small-font-size has-custom-font-size wp-element-button" href="https://sms.schoolsoft.se/mimerskolan/jsp/public/right_public_studentqueue.jsp?school=mimerskolan" style="border-radius:5px;padding-top:10px;padding-right:10px;padding-bottom:10px;padding-left:10px" target="_blank" rel="noreferrer noopener">Ansök här</a></div>
</div>



<p><strong>Hur lång är kön just nu?</strong></p>



<p>Skolan har plats för 360 elever. Just nu står drygt 1600 barn i kö. Vi gör elevintag i årskurs 4 (61 elever).</p>



<p>Om elev i högre årskurs slutar erbjuds plats utifrån könummer.</p>



<p>Köns längd varierar beroende på vilket år barnet är fött och hur många som ställt sig i kö för just det året. Det varierar också år från år hur många som tackar ja till erbjuden plats. </p>



<figure class="wp-block-image size-large"><img loading="lazy" decoding="async" width="1024" height="683" src="https://www.mimerskolan.se/wp-content/uploads/2022/11/MG_9040-1024x683.jpg" alt="" class="wp-image-145" srcset="https://www.mimerskolan.se/wp-content/uploads/2022/11/MG_9040-1024x683.jpg 1024w, https://www.mimerskolan.se/wp-content/uploads/2022/11/MG_9040-300x200.jpg 300w, https://www.mimerskolan.se/wp-content/uploads/2022/11/MG_9040-768x512.jpg 768w, https://www.mimerskolan.se/wp-content/uploads/2022/11/MG_9040-1200x800.jpg 1200w, https://www.mimerskolan.se/wp-content/uploads/2022/11/MG_9040.jpg 1417w" sizes="auto, (max-width: 1024px) 100vw, 1024px" /></figure>



<p><strong>När blir man erbjuden plats?</strong></p>



<p></p>



<p>Vi tillämpar rak kö med syskonförtur. Det går alltid att kontakta skolans administratör via e-post ( <a href="mailto:info@mimerskolan.se" target="_blank" rel="noreferrer noopener">info@mimerskolan.se</a>) för att få reda på sin köplats. Under hösten kommer platser inför höstterminen 2 år framåt att erbjudas de 61 första på kölistan.</p>



<p>Elever som står i kö för högre årskurser erbjuds plats utifrån köplats om någon elev slutar.</p>

<p>Mimerskolan tillämpar ett rakt kösystem med syskonförtur. Det är vårdnadshavare som ställer sitt barn i kö och det gör du via knappen nedan. Ansökan registreras i vårt system vid ankomstdatum och ni har sedan plats i kön till vår skola. &nbsp;Spara&nbsp;gärna en kopia på er ansökan. Vid funderingar kring detta går det bra att kontakta [&hellip;]</p>
