{"id":18,"date":"2022-11-17T17:11:17","date_gmt":"2022-11-17T16:11:17","guid":{"rendered":"https:\/\/www.mimerskolan.se\/?page_id=18"},"modified":"2023-01-11T09:13:40","modified_gmt":"2023-01-11T08:13:40","slug":"valkommen-till-mimerskolan","status":"publish","type":"page","link":"https:\/\/www.mimerskolan.se\/?page_id=18","title":{"rendered":"V\u00e4lkommen till Mimerskolan"},"content":{"rendered":"\n<p>Mimerskolan p\u00e5 Haga i Sundsvall grundades 2001 och \u00e4r en id\u00e9buren friskola som drivs som ideell f\u00f6rening med f\u00f6r\u00e4ldrastyrelse. P\u00e5 skolan g\u00e5r 360 elever och h\u00e4r arbetar ca 45 personer. Skolan har tv\u00e5 profiler, musik samt idrott och h\u00e4lsa. Id\u00e9n som funnits med fr\u00e5n start inneb\u00e4r en helhetssyn p\u00e5 l\u00e4rande genom ett tematiskt arbetss\u00e4tt.<\/p>\n\n\n\n<p>V\u00e5ra handledargrupper (klasser) \u00e4r sm\u00e5, 15 elever\/klass, med fyra paralleller.<\/p>\n\n\n\n<p>Trygghet, goda relationer, gemenskap, ansvar, engagemang och h\u00e5llbarhet \u00e4r v\u00e4rdeord f\u00f6r skolan, detta har genom \u00e5ren f\u00e5tt namnet &#8220;Mimerandan&#8221;. Alla elever ska k\u00e4nna trygghet i skolan och v\u00e5ra \u00e5rliga unders\u00f6kningar visar att det lyckas vi bra med. Att l\u00e4ra sig ta ansvar \u00e4r viktigt, d\u00e4rf\u00f6r jobbar vi med tydliga strategier f\u00f6r att tr\u00e4na eleven i att ta allt st\u00f6rre ansvar med \u00e5lder och mognad.<\/p>\n\n\n\n<figure class=\"wp-block-image size-large\"><img loading=\"lazy\" decoding=\"async\" width=\"1024\" height=\"684\" src=\"https:\/\/www.mimerskolan.se\/wp-content\/uploads\/2022\/11\/DSC0179-1024x684.jpg\" alt=\"\" class=\"wp-image-102\" srcset=\"https:\/\/www.mimerskolan.se\/wp-content\/uploads\/2022\/11\/DSC0179-1024x684.jpg 1024w, https:\/\/www.mimerskolan.se\/wp-content\/uploads\/2022\/11\/DSC0179-300x200.jpg 300w, https:\/\/www.mimerskolan.se\/wp-content\/uploads\/2022\/11\/DSC0179-768x513.jpg 768w, https:\/\/www.mimerskolan.se\/wp-content\/uploads\/2022\/11\/DSC0179-1200x801.jpg 1200w, https:\/\/www.mimerskolan.se\/wp-content\/uploads\/2022\/11\/DSC0179.jpg 1417w\" sizes=\"auto, (max-width: 1024px) 100vw, 1024px\" \/><\/figure>\n\n\n\n<p>H\u00e5llbarhet betyder att vi str\u00e4var efter det livsl\u00e5nga l\u00e4randet och h\u00e4lsan som v\u00e5ra profiler \u00e4r en stor del av. Att utveckla elevens f\u00f6rm\u00e5ga att l\u00e4ra att l\u00e4ra \u00e4r ett fokus som funnits med sedan starten av skolan.<\/p>\n\n\n\n<p>V\u00e5rt schema \u00e4r flexibelt, det betyder att det \u00e4ndras varje vecka. Syftet med det \u00e4r att det \u00e4r arbetet med eleven som ska styra schemat och inte tv\u00e4rtom. Eleverna blir snabbt vana vid detta och f\u00e5r st\u00f6d och hj\u00e4lp med sin planering av veckan och dagen av sin handledare genom att alla dagar f\u00f6r de yngre eleverna b\u00f6rjar med en lugn samling hos sin handledare som g\u00e5r igenom dagen och arbetar med gruppen.<\/p>\n\n\n\n<figure class=\"wp-block-image size-large\"><img loading=\"lazy\" decoding=\"async\" width=\"1024\" height=\"684\" src=\"https:\/\/www.mimerskolan.se\/wp-content\/uploads\/2022\/11\/DSC0146-1024x684.jpg\" alt=\"\" class=\"wp-image-101\" srcset=\"https:\/\/www.mimerskolan.se\/wp-content\/uploads\/2022\/11\/DSC0146-1024x684.jpg 1024w, https:\/\/www.mimerskolan.se\/wp-content\/uploads\/2022\/11\/DSC0146-300x200.jpg 300w, https:\/\/www.mimerskolan.se\/wp-content\/uploads\/2022\/11\/DSC0146-768x513.jpg 768w, https:\/\/www.mimerskolan.se\/wp-content\/uploads\/2022\/11\/DSC0146-1200x801.jpg 1200w, https:\/\/www.mimerskolan.se\/wp-content\/uploads\/2022\/11\/DSC0146.jpg 1417w\" sizes=\"auto, (max-width: 1024px) 100vw, 1024px\" \/><\/figure>\n\n\n\n<p>N\u00e5gra r\u00f6ster fr\u00e5n elever som g\u00e5tt p\u00e5 Mimer:<\/p>\n\n\n\n<p><em>\u201dEn stor frihet och variation n\u00e4r det g\u00e4ller studierna (AP, schemat, temaveckor och liknande). En h\u00e4rlig studiemilj\u00f6, bra l\u00e4rare och roliga aktiviteter (fj\u00e4llen etc). Med hj\u00e4lp av loggboken blev det dessutom l\u00e4ttare att h\u00e5lla koll p\u00e5 l\u00e4xor och s\u00e5nt s\u00e5 det var ocks\u00e5 bra\u201d<\/em><\/p>\n\n\n\n<p><em>\u201dJag t\u00e4nker tillbaka p\u00e5 en fantastisk tid. Bra l\u00e4rare, mycket idrott, musik och frihet i schemat. Att redan som &#8220;liten&#8221; f\u00e5 chansen att styra lite \u00f6ver sin egen tid f\u00f6rbereder \u00e4n inf\u00f6r arbetslivet.<\/em><\/p>\n\n\n\n<p><em>Sen m\u00e5ste jag f\u00e5 till\u00e4gga att man s\u00e5klart t\u00e4nker p\u00e5 loggboken, moppeparkeringen, alla v\u00e4nner, toast och alla resor till fj\u00e4llen mm. \u201d<\/em><\/p>\n\n\n\n<p><em>\u201dJag t\u00e4nker p\u00e5 bra l\u00e4rare som \u00e4r m\u00e5n om sina elever och vill skapa en trygghet som ingen annan. Jag t\u00e4nker p\u00e5 hur bra st\u00e4mning och gott hum\u00f6r det alltid var och speciellt inne i caf\u00e9t&nbsp;t\u00e4nker p\u00e5 alla roliga temadagar och och loggb\u00f6ckerna SOM ALLTID SKA VA MED oh herregud vilken bra tid det var, n\u00e5gon mer som f\u00e5r k\u00e4nslan av att man m\u00e5ste h\u00e4lsa p\u00e5 snart?\u201d<\/em><\/p>\n","protected":false},"excerpt":{"rendered":"<p>Mimerskolan p\u00e5 Haga i Sundsvall grundades 2001 och \u00e4r en id\u00e9buren friskola som drivs som ideell f\u00f6rening med f\u00f6r\u00e4ldrastyrelse. P\u00e5 skolan g\u00e5r 360 elever och h\u00e4r arbetar ca 45 personer. Skolan har tv\u00e5 profiler, musik samt idrott och h\u00e4lsa. Id\u00e9n som funnits med fr\u00e5n start inneb\u00e4r en helhetssyn p\u00e5 l\u00e4rande genom ett tematiskt arbetss\u00e4tt. V\u00e5ra [&hellip;]<\/p>\n","protected":false},"author":1,"featured_media":0,"parent":0,"menu_order":0,"comment_status":"closed","ping_status":"closed","template":"","meta":{"footnotes":""},"class_list":["post-18","page","type-page","status-publish","hentry"],"_links":{"self":[{"href":"https:\/\/www.mimerskolan.se\/index.php?rest_route=\/wp\/v2\/pages\/18","targetHints":{"allow":["GET"]}}],"collection":[{"href":"https:\/\/www.mimerskolan.se\/index.php?rest_route=\/wp\/v2\/pages"}],"about":[{"href":"https:\/\/www.mimerskolan.se\/index.php?rest_route=\/wp\/v2\/types\/page"}],"author":[{"embeddable":true,"href":"https:\/\/www.mimerskolan.se\/index.php?rest_route=\/wp\/v2\/users\/1"}],"replies":[{"embeddable":true,"href":"https:\/\/www.mimerskolan.se\/index.php?rest_route=%2Fwp%2Fv2%2Fcomments&post=18"}],"version-history":[{"count":4,"href":"https:\/\/www.mimerskolan.se\/index.php?rest_route=\/wp\/v2\/pages\/18\/revisions"}],"predecessor-version":[{"id":270,"href":"https:\/\/www.mimerskolan.se\/index.php?rest_route=\/wp\/v2\/pages\/18\/revisions\/270"}],"wp:attachment":[{"href":"https:\/\/www.mimerskolan.se\/index.php?rest_route=%2Fwp%2Fv2%2Fmedia&parent=18"}],"curies":[{"name":"wp","href":"https:\/\/api.w.org\/{rel}","templated":true}]}}