{"id":10,"date":"2022-11-17T17:04:51","date_gmt":"2022-11-17T16:04:51","guid":{"rendered":"https:\/\/www.mimerskolan.se\/?page_id=10"},"modified":"2025-10-09T09:47:49","modified_gmt":"2025-10-09T07:47:49","slug":"kontakta-oss","status":"publish","type":"page","link":"https:\/\/www.mimerskolan.se\/?page_id=10","title":{"rendered":"Kontakta oss"},"content":{"rendered":"\n<p><strong>V\u00e4xel<\/strong> <\/p>\n\n\n\n<p>060-661720<\/p>\n\n\n\n<p>Genom v\u00e4xeln n\u00e5s skolans administration, fritids, skolh\u00e4lsov\u00e5rden och specialpedagog. <\/p>\n\n\n\n<p><strong>Rektor<\/strong><\/p>\n\n\n\n<p>Johan Edelsv\u00e4rd<\/p>\n\n\n\n<p><a href=\"mailto:johan.edelsvard@mimerskolan.se\">johan.edelsvard@mimerskolan.se<\/a><\/p>\n\n\n\n<p>Telefon: 060-661721<\/p>\n\n\n\n<p><\/p>\n\n\n\n<p><strong>Bitr\u00e4dande Rektor<\/strong><\/p>\n\n\n\n<p>Anette Br\u00e4nnstr\u00f6m<\/p>\n\n\n\n<p><a href=\"mailto:anette.brannstrom@mimerskolan.se\">anette.brannstrom@mimerskolan.se<\/a><\/p>\n\n\n\n<p>060-7855690<\/p>\n\n\n\n<p><strong>Skolsk\u00f6terska<\/strong><\/p>\n\n\n\n<p>Annica Lundgren <\/p>\n\n\n\n<p><a href=\"mailto:annica.lundgren@mimerskolan.se\">annica.lundgren@mimerskolan.se<\/a><\/p>\n\n\n\n<p>073-1584526<\/p>\n\n\n\n<p><strong>\u00d6vrig personal<\/strong><\/p>\n\n\n\n<p>F\u00f6r att komma i kontakt med individuella l\u00e4rare och personal,  anv\u00e4nd  fornamn.efternamn@mimerskolan.se <\/p>\n\n\n\n<p><\/p>\n\n\n\n<figure class=\"wp-block-image size-large\"><img loading=\"lazy\" decoding=\"async\" width=\"1024\" height=\"684\" src=\"https:\/\/www.mimerskolan.se\/wp-content\/uploads\/2022\/11\/DSC0536-1024x684.jpg\" alt=\"\" class=\"wp-image-119\" srcset=\"https:\/\/www.mimerskolan.se\/wp-content\/uploads\/2022\/11\/DSC0536-1024x684.jpg 1024w, https:\/\/www.mimerskolan.se\/wp-content\/uploads\/2022\/11\/DSC0536-300x200.jpg 300w, https:\/\/www.mimerskolan.se\/wp-content\/uploads\/2022\/11\/DSC0536-768x513.jpg 768w, https:\/\/www.mimerskolan.se\/wp-content\/uploads\/2022\/11\/DSC0536-1200x801.jpg 1200w, https:\/\/www.mimerskolan.se\/wp-content\/uploads\/2022\/11\/DSC0536.jpg 1417w\" sizes=\"auto, (max-width: 1024px) 100vw, 1024px\" \/><\/figure>\n\n\n\n<p><strong>Hitta till oss<\/strong><\/p>\n\n\n\n<p>Gaffelbyv\u00e4gen 1<\/p>\n\n\n\n<p>856 40 Sundsvall<\/p>\n\n\n\n<p><a href=\"https:\/\/goo.gl\/maps\/TTTKLbVbxujk22Yb8\">https:\/\/goo.gl\/maps\/TTTKLbVbxujk22Yb8<\/a><\/p>\n","protected":false},"excerpt":{"rendered":"<p>V\u00e4xel 060-661720 Genom v\u00e4xeln n\u00e5s skolans administration, fritids, skolh\u00e4lsov\u00e5rden och specialpedagog. Rektor Johan Edelsv\u00e4rd johan.edelsvard@mimerskolan.se Telefon: 060-661721 Bitr\u00e4dande Rektor Anette Br\u00e4nnstr\u00f6m anette.brannstrom@mimerskolan.se 060-7855690 Skolsk\u00f6terska Annica Lundgren annica.lundgren@mimerskolan.se 073-1584526 \u00d6vrig personal F\u00f6r att komma i kontakt med individuella l\u00e4rare och personal, anv\u00e4nd fornamn.efternamn@mimerskolan.se Hitta till oss Gaffelbyv\u00e4gen 1 856 40 Sundsvall https:\/\/goo.gl\/maps\/TTTKLbVbxujk22Yb8<\/p>\n","protected":false},"author":1,"featured_media":0,"parent":0,"menu_order":0,"comment_status":"closed","ping_status":"closed","template":"","meta":{"footnotes":""},"class_list":["post-10","page","type-page","status-publish","hentry"],"_links":{"self":[{"href":"https:\/\/www.mimerskolan.se\/index.php?rest_route=\/wp\/v2\/pages\/10","targetHints":{"allow":["GET"]}}],"collection":[{"href":"https:\/\/www.mimerskolan.se\/index.php?rest_route=\/wp\/v2\/pages"}],"about":[{"href":"https:\/\/www.mimerskolan.se\/index.php?rest_route=\/wp\/v2\/types\/page"}],"author":[{"embeddable":true,"href":"https:\/\/www.mimerskolan.se\/index.php?rest_route=\/wp\/v2\/users\/1"}],"replies":[{"embeddable":true,"href":"https:\/\/www.mimerskolan.se\/index.php?rest_route=%2Fwp%2Fv2%2Fcomments&post=10"}],"version-history":[{"count":11,"href":"https:\/\/www.mimerskolan.se\/index.php?rest_route=\/wp\/v2\/pages\/10\/revisions"}],"predecessor-version":[{"id":366,"href":"https:\/\/www.mimerskolan.se\/index.php?rest_route=\/wp\/v2\/pages\/10\/revisions\/366"}],"wp:attachment":[{"href":"https:\/\/www.mimerskolan.se\/index.php?rest_route=%2Fwp%2Fv2%2Fmedia&parent=10"}],"curies":[{"name":"wp","href":"https:\/\/api.w.org\/{rel}","templated":true}]}}

<p><strong>Växel</strong> </p>



<p>060-661720</p>



<p>Genom växeln nås skolans administration, fritids, skolhälsovården och specialpedagog. </p>



<p><strong>Rektor</strong></p>



<p>Johan Edelsvärd</p>



<p><a href="mailto:johan.edelsvard@mimerskolan.se">johan.edelsvard@mimerskolan.se</a></p>



<p>Telefon: 060-661721</p>



<p></p>



<p><strong>Biträdande Rektor</strong></p>



<p>Anette Brännström</p>



<p><a href="mailto:anette.brannstrom@mimerskolan.se">anette.brannstrom@mimerskolan.se</a></p>



<p>060-7855690</p>



<p><strong>Skolsköterska</strong></p>



<p>Annica Lundgren </p>



<p><a href="mailto:annica.lundgren@mimerskolan.se">annica.lundgren@mimerskolan.se</a></p>



<p>073-1584526</p>



<p><strong>Övrig personal</strong></p>



<p>För att komma i kontakt med individuella lärare och personal,  använd  fornamn.efternamn@mimerskolan.se </p>



<p></p>



<figure class="wp-block-image size-large"><img loading="lazy" decoding="async" width="1024" height="684" src="https://www.mimerskolan.se/wp-content/uploads/2022/11/DSC0536-1024x684.jpg" alt="" class="wp-image-119" srcset="https://www.mimerskolan.se/wp-content/uploads/2022/11/DSC0536-1024x684.jpg 1024w, https://www.mimerskolan.se/wp-content/uploads/2022/11/DSC0536-300x200.jpg 300w, https://www.mimerskolan.se/wp-content/uploads/2022/11/DSC0536-768x513.jpg 768w, https://www.mimerskolan.se/wp-content/uploads/2022/11/DSC0536-1200x801.jpg 1200w, https://www.mimerskolan.se/wp-content/uploads/2022/11/DSC0536.jpg 1417w" sizes="auto, (max-width: 1024px) 100vw, 1024px" /></figure>



<p><strong>Hitta till oss</strong></p>



<p>Gaffelbyvägen 1</p>



<p>856 40 Sundsvall</p>



<p><a href="https://goo.gl/maps/TTTKLbVbxujk22Yb8">https://goo.gl/maps/TTTKLbVbxujk22Yb8</a></p>

<p>Växel 060-661720 Genom växeln nås skolans administration, fritids, skolhälsovården och specialpedagog. Rektor Johan Edelsvärd johan.edelsvard@mimerskolan.se Telefon: 060-661721 Biträdande Rektor Anette Brännström anette.brannstrom@mimerskolan.se 060-7855690 Skolsköterska Annica Lundgren annica.lundgren@mimerskolan.se 073-1584526 Övrig personal För att komma i kontakt med individuella lärare och personal, använd fornamn.efternamn@mimerskolan.se Hitta till oss Gaffelbyvägen 1 856 40 Sundsvall https://goo.gl/maps/TTTKLbVbxujk22Yb8</p>
